, 4*h - 13 = -3*d. Suppose o - d*p - 277 = -4*o, -4*p = -5*o + 276. What is the units digit of o?
6
Suppose 5655 = 13*j + 1300. What is the units digit of j?
5
Let b(a) = 4*a**2 + 7*a + 588. What is the hundreds digit of b(0)?
5
Let c = -503 + 2040. What is the hundreds digit of c?
5
Let w = 4603 + -3028. What is the units digit of w?
5
Let o = -86 + 91. Suppose -o*j = -b + 264, 2*b = -8*j + 4*j + 514. What is the units digit of b?
9
Let b(z) = 2*z + 10. Let c be b(-5). Suppose 0 = -5*r - c - 5, 5*r = 2*u - 147. What is the units digit of u?
1
Let z = -112 - -196. What is the units digit of z?
4
Let w(m) be the first derivative of m**3/3 + m**2/2 + 2*m - 11. What is the units digit of w(-2)?
4
What is the units digit of 157 + -7 + (-1 - -3)?
2
Let v = 23 - 23. Suppose -j - 4 = 0, v = -2*o - 0*j + 5*j + 60. What is the tens digit of o?
2
What is the tens digit of 1819/3 - (-48)/72?
0
Suppose -5*i + 89 = 2*v, -v + 5*i - 173 = -5*v. What is the units digit of v?
2
Suppose 2*l - 4 = 0, -3*z + 5*l + 7466 = -0*l. What is the hundreds digit of z?
4
Let a = -140 + 300. Suppose -z + 3*z - a = 0. What is the units digit of z?
0
Let g(q) be the first derivative of q**4/4 + 2*q**3 - 4*q**2 - 3*q - 10. Let v be -7*(-1)/1*-1. What is the units digit of g(v)?
4
What is the units digit of (1 - (-1932)/2)/1?
7
Suppose -5*m - 161 = -2*n + 599, 0 = 5*m + 20. What is the hundreds digit of n?
3
Let o(z) = -2*z + 7. Let w be o(1). Suppose w*b + 172 = 9*b. What is the units digit of b?
3
Suppose -15*m = -12*m - 36. Suppose -m*h - 86 = -14*h. Let u = h - 23. What is the units digit of u?
0
Let y = -51 + 42. Let c = y - -87. What is the tens digit of c?
7
Let f(s) be the third derivative of -7*s**2 + 1/120*s**6 + 0 + 1/12*s**4 + 1/15*s**5 + 0*s**3 + 0*s. What is the units digit of f(-2)?
4
Let w = 26 + -2. Let t = 2 - 3. Let x = w + t. What is the units digit of x?
3
Let l = -21 - -25. Let v be 1/(l + 172/(-44)). Suppose 0 = -6*g + v*g - 255. What is the units digit of g?
1
Let v(p) = 351*p - 14. What is the tens digit of v(3)?
3
Suppose -x + 5*d = -38, -2*d = x - 0*d - 24. What is the units digit of (x/(-20))/(2/(-410))?
7
Let x be 1/(-3) - (-605)/33. Let n = x - -62. What is the tens digit of n?
8
Suppose 0 = -v - 3*v. Suppose v = -5*z - 161 - 114. What is the units digit of 1/(3 - (-164)/z)?
5
Let b be (-238)/(-5) - (0 + 6/(-15)). Suppose -y = -2, -4*k - 3*y + y = -b. What is the units digit of k?
1
Let h = 5782 + -815. What is the units digit of h?
7
Let m(t) = t**3 + 10*t**2 - t - 10. Let a = -6 + -4. Let c be m(a). Suppose c = 5*b + w - 128, 5*b - 2*w - 138 = 2*w. What is the units digit of b?
6
Let y(h) = -299*h - 87. What is the tens digit of y(-2)?
1
Let s = 94 + -102. Let j(x) = -19*x - 82. What is the tens digit of j(s)?
7
Suppose j + 1 = 2. Let x be (j/4)/((-9)/(-72)). Suppose x*c + 4 = 0, 7*n + 2*c = 4*n + 8. What is the units digit of n?
4
Let i be (1 + 0)/((-2)/20). Let g(w) = w + 25. What is the units digit of g(i)?
5
Suppose 525 = 2*g + 3*c, 0*g + 5*c + 485 = 2*g. What is the units digit of g?
5
Let i = 959 - -98. What is the tens digit of i?
5
Let x(b) = b**3 - 8*b**2 - 15*b + 5. Let d be x(10). Let i(s) = s**2 - s. Let t be i(0). What is the tens digit of (t - 1) + 4 + d?
5
Suppose -6720 = -41*s + 33*s. What is the hundreds digit of s?
8
Let s be ((-2)/2)/((-2)/38). Suppose 2*d - s = -3*t, 5*t = 4*t + 3. Suppose 0 = d*v - 3*v - 6. What is the units digit of v?
3
Let y(n) = -6*n - 6 + 8*n - 4 + 4*n + 2*n**2. What is the units digit of y(-6)?
6
Let j be 1 + 1 - (-138)/(-6). Let u be (-6)/j*(7 - 0). Suppose 5*r - 326 = 3*o, 0 = -u*r - 4*o + 2*o + 140. What is the tens digit of r?
6
What is the tens digit of 85*(5 - 2/10 - -4)?
4
What is the units digit of 8/2 - (-17)/((-119)/(-6832))?
0
Let u(m) = 41*m**2 - 87*m**2 - 12*m + 14 + 48*m**2. What is the tens digit of u(10)?
9
Suppose -2019 = -24*f + 933. What is the hundreds digit of f?
1
Suppose -21*q - 33*q = -36504. What is the units digit of q?
6
Suppose z + 0*p = -p - 3, 4*z + 2*p = -8. Let d be (-1 + -2)/1*z. Suppose -6*q + i + 180 = -q, d*i - 36 = -q. What is the units digit of q?
6
Suppose 4*h = 5*u + 3*h - 84, -5*u = 4*h - 89. What is the units digit of u?
7
Let q(c) = 6*c - 17. Suppose i + i - 8 = -3*m, 0 = -3*m - 6. Let s be q(i). Suppose g + 7 = 5*y - 3, -2*g + s = 5*y. What is the units digit of g?
5
Let d = -93 + 90. Let o(v) = 2*v**2 + v + v + v. What is the units digit of o(d)?
9
What is the tens digit of (3 - -4)*(3 - (-3516)/21)?
9
Let c(j) be the first derivative of -27*j**4/4 + j**3/3 + j**2 + 2*j + 2. What is the tens digit of c(-1)?
2
Suppose -11 + 1 = 3*w - 4*a, 2*w = a - 5. Let t(c) = 2*c**2 + 3*c + 2. Let n be t(w). Suppose -5*h + n = -6. What is the units digit of h?
2
Let u be -6*(2 + 25/(-10)). Suppose -154 = -u*h + 2*f + 12, -53 = -h + 3*f. What is the tens digit of h?
5
Suppose 16 = 18*u - 14*u. Suppose -u*f + 817 + 3 = 0. What is the hundreds digit of f?
2
Let u(n) = 125*n - 205. What is the tens digit of u(4)?
9
Suppose -2762 = -8*p + 822. What is the tens digit of p?
4
Let g = -556 + 1042. What is the hundreds digit of g?
4
Suppose -14*j = -1439 - 3069. What is the units digit of j?
2
What is the tens digit of -2 - 1*(-66 + (-4)/4)?
6
Let u be 1 + (0 - 2 - -98). Let d = u + 31. What is the tens digit of ((-1)/2)/((-4)/d)?
1
Let r(x) = 2*x**2 - 25*x - 10. What is the hundreds digit of r(24)?
5
Suppose -173 - 199 = -4*u. Suppose 0 = 2*i - i - u. What is the units digit of (-6)/8 - i/(-12)?
7
Let g(a) = 18*a**3 - 13*a**2 + 11*a - 16. What is the hundreds digit of g(4)?
9
Let d(w) = -w**2 - 26*w - 5. Let l(m) = 27*m + 5. Let v(c) = -3*d(c) - 2*l(c). What is the hundreds digit of v(-12)?
1
Suppose 10*o - 286 = 684. Suppose 3*q = o + 47. What is the units digit of q?
8
Let y(v) = -v**2 + 4*v. Let l(u) = u - 1. Let c(r) = -l(r) - y(r). What is the units digit of c(9)?
7
Suppose -336 = -4*g + 3*k, -2*g + 190 = -k + 24. Suppose 3*r = 87 + g. Let t = r - 36. What is the units digit of t?
0
Suppose -6*h + h - 345 = 0. Let d = h + 97. What is the tens digit of d?
2
Let a(f) = 2*f**3 - 3*f**2 + f - 2. Let n be a(2). Let h(q) = 4 - 4*q**3 + n*q + 8*q**3 - q**3 - 4*q**3. What is the tens digit of h(-3)?
1
Let m(u) = u**2 + 5*u + 8. Let o be m(-2). Suppose -f = 3*s + o*f - 21, s = -4*f + 10. What is the units digit of s?
6
Suppose -3*n + i = 805 - 2421, 4 = i. What is the hundreds digit of n?
5
Let k(z) = 2*z + 36. What is the tens digit of k(9)?
5
Let j = -13 + 111. What is the tens digit of j?
9
Suppose 4*l - 15 = 3*l. Let k(r) = -r + 23. Let w be k(6). Suppose -l*x + w*x = 30. What is the tens digit of x?
1
Suppose -x + 4 + 1 = 0, 5*x = -4*t + 105. Let l(a) = a**2 - 9*a + 23. Let k be l(5). Suppose k*n - 46 = t. What is the tens digit of n?
2
Suppose 2*o + 171 = -3*o - 2*b, 2*b - 93 = 3*o. Let g = -27 - o. What is the units digit of g?
6
Suppose 2*h + 4*a = -2*h, 4*h + 2*a - 8 = 0. Suppose -h*i - 9 = -7*i. Suppose 3*j = 5*l + 36, -i*l + 4 + 73 = 4*j. What is the tens digit of j?
1
Suppose 7*z = 49*z - 55986. What is the thousands digit of z?
1
Suppose 3*d - 2532 = 630. What is the hundreds digit of d?
0
Suppose -3*i + 5*i + 6 = 4*n, 4*i + 5*n - 14 = 0. What is the tens digit of (-5)/((-5)/93)*i?
9
Suppose 4*w - 12 = 0, 2*w - 1240 + 459 = -5*k. Let l = -184 - -73. Let n = k + l. What is the tens digit of n?
4
Let b(c) = 3*c**2 - 7. Let u(w) = -w**2. Let r(m) = -b(m) - 2*u(m). Let j be r(0). Suppose -52 = -q - 4*f, j*q - 3*f - 283 = 2*q. What is the units digit of q?
6
Suppose d - 120 = 53. What is the hundreds digit of d?
1
Let n = 110 + -106. Suppose -4*w = -n*l + w + 398, -5*l = 4*w - 477. What is the tens digit of l?
9
Let j be 5 - 7301/28 - (-3)/4. Let w = j - -547. What is the units digit of w?
2
Let z be 17292/54 + 2/(-9). Suppose 0 = -2*g - 3*g + z. What is the units digit of g?
4
Suppose 4*m = m + 2967. What is the hundreds digit of m?
9
Let w = -17 + 19. Let j be (w - -1038)/4 + 1. Suppose 0 = 5*u - 3*r - j, u = 5*u + 3*r - 225. What is the tens digit of u?
5
Let u be (-4)/(-20) - 361/5. Let k = -23 - u. What is the units digit of k?
9
Let j(r) = -r - 11. Let t be j(-13). What is the tens digit of 2 + 12*27/t?
6
Let r = 34 + -57. Let k = 69 - r. What is the units digit of k